e
Suppose -2*z + 2*w - 1 = 17, 8 = 4*w. Let a be 4/(-7)*z/2. Suppose 81 = a*k - 53. Is k a prime number?
True
Let b(f) = 5*f + 2*f - 5 - 4*f + 3*f**2. Let h = 8 + -4. Is b(h) a composite number?
True
Suppose -a - 6 = -4*b + a, 0 = 3*b - 5*a - 8. Is -2*1 + 56 - b composite?
False
Is (4/(-24)*-4)/((-4)/(-1062)) prime?
False
Let i = -590 - -1223. Is i prime?
False
Let z(r) = -r**2 - 4*r + 5. Suppose -3 = -3*m - 9, 19 = -5*q + 3*m. Let x be z(q). Is (1 - x)/((-1)/(-13)) prime?
True
Let u(b) = -b**3 + 11*b**2 - 10*b + 5. Let v be u(10). Suppose 2*a - 3*t - 1476 = -v*t, -3*t - 6 = 0. Suppose -o - 3*o = -a. Is o a composite number?
True
Let a = -4 + 0. Let s = -7 - a. Is (9/(-6))/(s/18) composite?
True
Suppose 5 = 5*f - 5. Let w = f + 13. Is w composite?
True
Let p(c) = c**2. Let u be p(6). Suppose -3*o - u = -5*g + 2*g, -g + 5*o = 0. Is g a prime number?
False
Suppose s - 4*y = -54, -5*y + 392 = -5*s + 47. Let f = s - -187. Is f composite?
False
Let x be (-2 - (-2 + -2)) + -575. Let w = -313 - x. Is 1/2*w/2 composite?
True
Let v(l) = -l + 1. Let c be v(3). Let p be (-5)/(c + (-98)/(-50)). Suppose 0 = 5*o + 5*x - p, 15 = -4*o + 5*x + 79. Is o a composite number?
True
Let i be -231 + 6/(-3) + 2. Let k = 548 + i. Is k a composite number?
False
Let u be 24/40 - (-44)/10. Suppose -2*q + 699 = -j, -q - u*j + 1016 = 2*q. Is q a prime number?
True
Suppose 0 = 4*q - q - 9. Let m(w) = -4*w**2 + w**2 + 3 + 4*w**2 + q. Is m(5) a prime number?
True
Let h(k) = 5*k**2 - k - 3. Let z(t) = t + 1. Let l(j) = h(j) + 4*z(j). Is l(-5) prime?
False
Let d(y) = -y**3 - 11*y**2. Let a be 22/(-4)*(7 + -5). Let w be d(a). Let b(c) = c**3 - c**2 - c + 53. Is b(w) prime?
True
Suppose -2*x - 5*y + 317 = 0, -49 = -x + y + 99. Suppose -2*b + x = -7. Is b a composite number?
False
Suppose x = 3*t + t + 560, 0 = -5*x - 5*t + 2775. Suppose 5*n + 221 = x. Is n prime?
True
Let b be -3 - (2 + -1 + -9). Is 2808/45 - 2/b prime?
False
Let x = 2 - -3. Suppose -x*f + 37 = -158. Suppose -3*j + 3*w + 60 = 0, -3*j - 2*w = 4 - f. Is j a prime number?
False
Suppose 0 = 7*v + 111 - 1154. Is v prime?
True
Suppose -4*i + 1317 = -5*v + 161, -3*i + 4*v + 866 = 0. Suppose -2*o - 7 = -5*b, 5*o + 3 - 8 = 5*b. Suppose -i = -o*z + 70. Is z composite?
True
Let y(q) = -q**3 + 21*q**2 - 3*q - 19. Is y(18) prime?
False
Suppose -w - w - a = 9, 0 = 2*w + 5*a - 11. Let v be (-2)/(-7) - 327/w. Let q = v + -28. Is q composite?
False
Suppose 0 = 6*y - y - 20. Suppose -27 = -y*s - u, 3*s - 3*u - u = 6. Is s prime?
False
Let p = 11 - 4. Let f(h) = 3*h + 3. Let i be f(p). Is ((-114)/i)/(1/(-4)) prime?
True
Is 1*(1 - 4) + 37 a composite number?
True
Suppose 5 = 3*s - 4. Let u(n) = -8*n**2 - 6 + n**s - n + 2*n + n. Is u(8) composite?
True
Let n = 5 - -25. Let d = 49 + n. Is d a composite number?
False
Let x = 116 - 73. Let v = 20 + -50. Let n = v + x. Is n a composite number?
False
Suppose 4*v + 44 = 3*v + g, -3*v - 152 = 2*g. Let m = v - -163. Is m a prime number?
False
Let y = -1312 + 2385. Is y composite?
True
Let g(d) = -2*d + 3. Let i be g(3). Let b be 2*i/(-12)*10. Suppose 4*m = 3*c + 41, 6*m + 4*c - 34 = b*m. Is m a prime number?
False
Is 6/(-15) - (-2 + 12414/(-10)) a composite number?
True
Let a(k) = -k + 10. Let t(h) = -2*h**2 + 1 + h**2 + 6*h + 1. Let p be t(5). Is a(p) a composite number?
False
Suppose -3*h = -5*w - 5, -3*h - 24 = -2*w - 7*h. Is w a composite number?
False
Let z = 1 - -17. Suppose i - z = 2*t + 3*t, 5*t + 30 = 5*i. Suppose i*u = -15, -l + 5*l - 21 = -3*u. Is l a prime number?
False
Let f = -6 + 8. Suppose -4*v + 166 = 2*n, f*n - n - 92 = -5*v. Is n prime?
False
Suppose -5 = 4*p - 13. Is (p + -4)*(-74)/4 a prime number?
True
Let z(v) = 3*v**3 - 4*v**3 + 0*v**2 - 3*v**2 - 4*v. Let o be z(-3). Is 95/4 + o/(-16) composite?
False
Suppose -5*t + 7*t - 126 = 0. Is t/2 + 2/(-4) composite?
False
Let c(t) = -29*t - 48*t + 19*t. Is c(-1) prime?
False
Suppose 5*a = 1549 + 1906. Is a prime?
True
Let s = -87 + 754. Is s composite?
True
Let z be (-2)/(-5) + 24/15. Suppose z*x - 4*p = 10, -5*p - 8 = -5*x + x. Is (67 - 6) + x + 1 a prime number?
True
Let r(l) = 1 + 8 + 0*l**2 - 13*l + 2*l**2. Let j be r(11). Let g = -25 + j. Is g prime?
True
Suppose -i - 1928 = -3*j, -j - j - 3*i + 1267 = 0. Is j composite?
False
Let p(l) = 9*l - 9*l + 4*l**2. Let o be p(1). Suppose 2*q - 418 = -4*t, -o*t = 4*q - 9*t - 797. Is q prime?
False
Let c be (-3 + (2 - -1))/(-3). Let r(h) = h**3 + h**2 + 188. Let l be r(c). Let v = -75 + l. Is v composite?
False
Suppose 319 = 2*k - 31. Let b = 16 + -10. Suppose -i + b*i = k. Is i composite?
True
Let q(m) = -m**3 - 3*m**2 + 3*m - 4. Let a(n) = -n**3 + 2*n**2 - n + 2. Let d be a(2). Let u be 0 + (-4 - (d + 1)). Is q(u) a prime number?
True
Suppose 0 = p + 18 + 10. Is ((-2303)/p)/(2/8) a prime number?
False
Let v be 6/2 + 2 + 0. Suppose -5*d = -v*k + 30, -2*d = k + 18 - 0. Is (-518)/d - (-1)/4 prime?
False
Is (-1)/(-5) + (11262/15 - 0) prime?
True
Let x(r) = r + 4. Let o be x(-4). Suppose 5*j + 27 + 3 = o. Let b = 9 + j. Is b composite?
False
Let j(b) = 1248*b**2 + 1. Is j(-1) composite?
False
Let j(k) = 5*k**2 - 3*k - 4. Let c be j(7). Suppose -2*x + 0*x + c = 0. Suppose -3*v + 3*t = -108, 5*v - x = 2*v + t. Is v a composite number?
False
Let w(a) = -a - 5. Let j be w(-7). Suppose -2*o + 0*o + j*k = -50, 75 = 3*o + 3*k. Suppose -o = -4*h + 51. Is h composite?
False
Suppose -l - 665 = d + 342, -2*l + 1010 = -d. Let q = d - -1703. Is q a prime number?
False
Let j be (-6)/15 + 51/15. Suppose -5*w + j = 238. Let l = -14 - w. Is l prime?
False
Let r = -167 - -748. Is r a prime number?
False
Let f(y) = 2*y**3 - 10*y**2 - 15*y + 15. Is f(10) composite?
True
Is ((-2)/(-8))/(5/6620) a composite number?
False
Let l be -5*(0 - -2 - 3). Suppose 2*u - 5 = u, -4*m + l*u = 29. Is (-14)/(m + 0/(-1)) a composite number?
True
Let h(s) = 3*s**2 - 5*s - 13. Let f be h(-9). Let q = -112 + f. Is q composite?
False
Let f = -55 - -918. Is f prime?
True
Let d = 8976 + -6255. Is d a prime number?
False
Is (-38 - (-2 + 2))/(-2) prime?
True
Let i = 857 + -401. Suppose y - 193 + 43 = -4*z, -5*y = -5*z + 175. Let v = i - z. Is v prime?
True
Let a = 1003 - 208. Suppose 2*n - x = a, 0 = -3*x + x - 2. Is n a prime number?
True
Let m(y) = 2*y + 5 + 4*y + 2*y + 0*y. Is m(6) a prime number?
True
Let q = 62 - 29. Is q prime?
False
Let w(r) = -73*r**3 - r**2 + r + 1. Let j(d) = -d**3 - d. Let q(y) = -j(y) - w(y). Let o be q(2). Suppose o = -a + 6*a. Is a prime?
False
Let m = -4 + 4. Let i(d) = m*d + d + 2*d. Is i(5) prime?
False
Let q be -3*4*(-272)/(-6). Suppose 3*r - 2*m - 112 = 0, 0*m + 188 = 5*r - 3*m. Is (q/r)/((-4)/10) prime?
False
Let d(l) = -l + 12. Let t be d(6). Let r = t + 15. Is (-4)/(-2)*r/6 composite?
False
Let k be ((-120)/9)/((-3)/18). Is 2/(-6) + k/6 a prime number?
True
Suppose 0*d = -3*d. Suppose 3*t + d*t - 6285 = 0. Suppose t = 6*f - f. Is f composite?
False
Suppose -528 = 3*n + n. Let q be (-986)/14 - (-9)/21. Let b = q - n. Is b composite?
True
Let a(p) = -p**2 - 3*p. Let i be a(-2). Suppose -2*l = i, 0*d + 3*d + 3*l - 15 = 0. Suppose -4*x = -x - d. Is x a composite number?
False
Is -2*(3 + (-491)/2) prime?
False
Let w(g) be the first derivative of -2*g**3/3 - 2*g**2 - 3*g + 1. Let k be w(-9). Let r = k + 242. Is r a prime number?
True
Let r be (4/4)/(2/8). Suppose -b + 335 = r*b. Is b a prime number?
True
Let t(m) = m**3 - 8*m**2 + 5*m - 5. Let j be t(8). Suppose 5*y - 69 - j = 3*r, 3*r = -9. Is y composite?
False
Suppose 2*a = 5*w - 4183, 4*w + 3*a = -2*a + 3353. Let g = -476 + w. Is g composite?
True
Suppose -3*z - 5 = 5*h - 2, 4*z = 2*h + 22. Let w be ((-2)/3)/((-8)/2748). Suppose -z*i = -3*g + 165, -5*g - 5*i + w = -11. Is g composite?
True
Is 1192/(-12)*5/(20/(-18)) a composite number?
True
Let q = 23 + -16. Let o = 9 - q. Suppose -h + o = -11. Is h a composite number?
False
Let r(f) = -f**2 + 4*f + 5. Suppose 15 = -u + 4*u. Let p be r(u). Let j = 3 + p. Is j a composite number?
False
Let h = 573 + -244. Is h prime?
False
Let b(k) be the third derivative of k**4/24 + 79*k**3/6 - 5*k**2. Is b(0) a composite number?
False
Let z(j) = -j - 8. Suppose -2*n + 4*b + 2 = 0, 2*n + 2*b = -0*n - 28. Let g be z(n). Is -46*g*1/(-2) prime?
True
Let l = 516 - 31. Is l a composite number?
True
Suppose r +